{"id":466,"date":"2024-04-08T03:52:20","date_gmt":"2024-04-08T03:52:20","guid":{"rendered":"https:\/\/colegioagazzy.edu.mx\/?page_id=466"},"modified":"2024-04-08T03:52:20","modified_gmt":"2024-04-08T03:52:20","slug":"perfil-de-egreso-primaria","status":"publish","type":"page","link":"https:\/\/colegioagazzy.edu.mx\/index.php\/perfil-de-egreso-primaria\/","title":{"rendered":"Perfil de egreso Primaria"},"content":{"rendered":"\n<p>La educaci\u00f3n primaria es vital, pues desarrolla habilidades matem\u00e1ticas, ling\u00fc\u00edsticas y experimentales, preparando a los ni\u00f1os para un futuro competente y \u00e9tico.<\/p>\n\n\n\n<ul>\n<li>Habilidades matem\u00e1ticas y ling\u00fcisticas<\/li>\n\n\n\n<li>Capacidad para aprender a aprender.<\/li>\n\n\n\n<li>Aptitudes Socioemocionales<\/li>\n<\/ul>\n\n\n\n<h2 class=\"wp-block-heading\"><\/h2>\n\n\n\n<figure class=\"wp-block-image size-full\"><img loading=\"lazy\" decoding=\"async\" width=\"960\" height=\"960\" src=\"https:\/\/colegioagazzy.edu.mx\/wp-content\/uploads\/2024\/04\/pag3.jpg\" alt=\"\" class=\"wp-image-467\" srcset=\"https:\/\/colegioagazzy.edu.mx\/wp-content\/uploads\/2024\/04\/pag3.jpg 960w, https:\/\/colegioagazzy.edu.mx\/wp-content\/uploads\/2024\/04\/pag3-300x300.jpg 300w, https:\/\/colegioagazzy.edu.mx\/wp-content\/uploads\/2024\/04\/pag3-150x150.jpg 150w, https:\/\/colegioagazzy.edu.mx\/wp-content\/uploads\/2024\/04\/pag3-768x768.jpg 768w\" sizes=\"(max-width: 960px) 100vw, 960px\" \/><\/figure>\n","protected":false},"excerpt":{"rendered":"<p>La educaci\u00f3n primaria es vital, pues desarrolla habilidades matem\u00e1ticas, ling\u00fc\u00edsticas y experimentales, preparando a los ni\u00f1os para un futuro competente y \u00e9tico.<\/p>\n","protected":false},"author":1,"featured_media":0,"parent":0,"menu_order":0,"comment_status":"closed","ping_status":"closed","template":"","meta":{"_joinchat":[],"footnotes":""},"_links":{"self":[{"href":"https:\/\/colegioagazzy.edu.mx\/index.php\/wp-json\/wp\/v2\/pages\/466"}],"collection":[{"href":"https:\/\/colegioagazzy.edu.mx\/index.php\/wp-json\/wp\/v2\/pages"}],"about":[{"href":"https:\/\/colegioagazzy.edu.mx\/index.php\/wp-json\/wp\/v2\/types\/page"}],"author":[{"embeddable":true,"href":"https:\/\/colegioagazzy.edu.mx\/index.php\/wp-json\/wp\/v2\/users\/1"}],"replies":[{"embeddable":true,"href":"https:\/\/colegioagazzy.edu.mx\/index.php\/wp-json\/wp\/v2\/comments?post=466"}],"version-history":[{"count":1,"href":"https:\/\/colegioagazzy.edu.mx\/index.php\/wp-json\/wp\/v2\/pages\/466\/revisions"}],"predecessor-version":[{"id":468,"href":"https:\/\/colegioagazzy.edu.mx\/index.php\/wp-json\/wp\/v2\/pages\/466\/revisions\/468"}],"wp:attachment":[{"href":"https:\/\/colegioagazzy.edu.mx\/index.php\/wp-json\/wp\/v2\/media?parent=466"}],"curies":[{"name":"wp","href":"https:\/\/api.w.org\/{rel}","templated":true}]}}